{"id":975,"date":"2010-02-01T23:45:23","date_gmt":"2010-02-01T22:45:23","guid":{"rendered":"http:\/\/www.lumen.nu\/rekveld\/wp\/?page_id=975"},"modified":"2010-02-02T02:00:35","modified_gmt":"2010-02-02T01:00:35","slug":"writings-about-technology","status":"publish","type":"page","link":"https:\/\/www.joostrekveld.net\/?page_id=975","title":{"rendered":"Writings about Technology"},"content":{"rendered":"<p>(course for ArtScience, 2009\/10)<\/p>\n<p>In daily life, if people demonstrate a general opinion about technology, it tends to be either very negative or very positive. Technology can be for example mentioned as something that is in opposition to human nature, as something that distorts, is unhealthy and which can be profoundly alienating. On the other hand, one of the defining characteristics of humans is the fact that humans make and use tools, and animals don&#8217;t. So technology can be that which makes humans human, while at the same time being considered as something unnatural and foreign to human nature.<br \/>\nIn this course we will read and discuss a selection of texts that try to cover a spectrum of opinions about humans and technology that is as wide as possible. We will go all the way from Ludd and the Unabomber to the ideas of Transhumanists and Extropians. We will talk about responsability and about the idea of technological development as a force that is outside of human control. We will talk about the consequences of such ideas for art. Texts will be discussed by amongst others Laszlo Moholy-Nagy, Jack Burnham, Jacques Ellul, Gilbert Simondon, F.M.Esfandiary, Peter Sloterdijk, David Edgerton, Martin Heidegger and Andr\u00e9 Leroi-Gourhan.<br \/>\nIn week two and three of this course, students will be asked to prepare a presentation about one of the texts selected.<\/p>\n<p><strong>introduction: avant-garde art and technology<\/strong><\/p>\n<p>Laszlo Moholy-Nagy, &#8216;Vision in Motion&#8217;<br \/>\nPaul theobald, Chicago, 1947.<\/p>\n<ul>\n<li>&#8216;Introduction&#8217;, pp 10-12<\/li>\n<li>&#8216;The Function of Art&#8217;, pp 28-32<\/li>\n<\/ul>\n<p>Gyorgy Kepes (ed.), &#8216;The New Landscape in Art and Science&#8217;,<br \/>\nPaul Theobald, Chicago, 1956.<\/p>\n<ul>\n<li>&#8216;Preface&#8217;, &#8216;Introduction&#8217;, pp 17-20<\/li>\n<li>&#8216;Thing, Structure, Pattern, Process&#8217;, pp 204-207<\/li>\n<\/ul>\n<ul>\n<li><a href=\"http:\/\/www.xs4all.nl\/~rekveld\/tech\/Moholy_Kepes_fragments.pdf\">Moholy_Kepes_fragments.pdf<\/a><\/li>\n<\/ul>\n<p>Jack Burnham, \u201cBeyond Modern Sculpture\u201d, Braziller, New York, 1968.<\/p>\n<ul>\n<li>&#8216;A Teleological Theory of Modern Sculpture&#8217;, pp 370-376<\/li>\n<\/ul>\n<ul>\n<li><a href=\"http:\/\/www.xs4all.nl\/~rekveld\/tech\/Burnham_TeleologicalTheory.pdf\">Burnham_TeleologicalTheory.pdf<\/a><\/li>\n<\/ul>\n<p><strong>current technological development as detrimental to humanity<\/strong><\/p>\n<p>Jacques Ellul, &#8216;The Technological Bluff&#8217;,<br \/>\ntrans. Geoffrey W. Bromiley.<br \/>\nEerdmans, Grand Rapids, 1990.<br \/>\n(originally Jacques Ellul, &#8216;Le bluff technologique&#8217;, Hachette, Paris, 1988.<\/p>\n<ul>\n<li>Chapter 1, &#8216;Ambivalence&#8217;, pp 33-76<\/li>\n<li>Chapter 20,&#8217;Terrorism in the Velvet Glove of Technology&#8217;, pp 384-400<\/li>\n<li>&#8216;Last Words&#8217;, pp<\/li>\n<\/ul>\n<ul>\n<li><a href=\"http:\/\/www.xs4all.nl\/~rekveld\/tech\/Ellul_TechnologicalBluff.pdf\">Ellul_TechnologicalBluff.pdf<\/a><\/li>\n<\/ul>\n<p>Ted Kaczynski, &#8216;Industrial Society and its Future (Unabomber&#8217;s Manifesto)&#8217;,<br \/>\nNew York Times \/ Washington Post, 1995.<\/p>\n<ul>\n<li>introduction par 1-5<\/li>\n<li>sources of social problems etc. par 45-76<\/li>\n<li>the motives of scientists par 87-92<\/li>\n<li>the nature of freedom par 93-98<\/li>\n<li>industiral-technological society cannot be reformed etc. par 111-135<\/li>\n<li>human race at a crossroads etc. par 161-179<\/li>\n<li>two kinds of technology par 207-212<\/li>\n<\/ul>\n<ul>\n<li><a href=\"http:\/\/www.xs4all.nl\/~rekveld\/tech\/Kaczynski_IndustrialSociety.txt\">Kaczynski_IndustrialSociety.txt<\/a><\/li>\n<\/ul>\n<p>John Zerzan, &#8216;Against Technology&#8217;<br \/>\ntranscript of a talk given at Stanford University, April 23, 1997.<\/p>\n<ul>\n<li><a href=\"http:\/\/www.xs4all.nl\/~rekveld\/tech\/Zerzan_Against_Technology.pdf\">Zerzan_Against_Technology.pdf<\/a><\/li>\n<\/ul>\n<p><strong>transhumanism<\/strong><\/p>\n<p>F.M.Esfandiary, &#8216;Upwingers, a Futurist Manifesto&#8217;,<br \/>\nPopular Library, New York, 1973<\/p>\n<ul>\n<li>pp 135-188<\/li>\n<\/ul>\n<ul>\n<li><a href=\"http:\/\/www.xs4all.nl\/~rekveld\/tech\/Esfandiary_UpWingers.pdf\">Esfandiary_UpWingers.pdf\u00a0<\/a><\/li>\n<\/ul>\n<p>Hans Moravec, &#8216;Robot&#8217;<br \/>\nOxford University Press, 1999<\/p>\n<ul>\n<li>&#8216;Escape Velocity&#8217;, pp 1-14<\/li>\n<li>&#8216;Mind Fire&#8217;, pp 191-212<\/li>\n<\/ul>\n<ul>\n<li><a href=\"http:\/\/www.xs4all.nl\/~rekveld\/tech\/Moravec_Robot.pdf\">Moravec_Robot.pdf\u00a0<\/a><\/li>\n<\/ul>\n<p>Jos de Mul, &#8216;Transhumanism, The Convergence of Evolution, Humanism and Information Technology&#8217;, from: Rewers, E., and S\u00f3jki, J. (ed.), &#8216;Man within Culture at the Treshold of the 21st Century&#8217;, Wydawnictwo Fundacji Humaniora, Poznan, 2001, pp. 101-122.<\/p>\n<ul>\n<li><a href=\"http:\/\/www.xs4all.nl\/~rekveld\/tech\/DeMul_Transhumanism.pdf\">DeMul_Transhumanism.pdf<\/a><\/li>\n<\/ul>\n<p>Peter Sloterdijk, &#8216;Rules for the Human Zoo : a response to the Letter on Humanism&#8217;,<br \/>\ntranslation published in: Environment and Planning D: Society and Space 2009, volume 27, pp 12-28<br \/>\n(originally in &#8220;Nicht gerettet: Versuche nach Heidegger&#8221;, Suhrkamp, 2001, pp 302-333)<\/p>\n<ul>\n<li><a href=\"http:\/\/www.xs4all.nl\/~rekveld\/tech\/Sloterdijk_RulesForTheHumanZoo.pdf\">Sloterdijk_RulesForTheHumanZoo.pdf<\/a><\/li>\n<\/ul>\n<p><strong>calling progress into question<\/strong><\/p>\n<p>David Edgerton, &#8216;The Shock of the Old, Technology and Global History Since 1900&#8217;,<br \/>\nOxford University Press, New York, 2007.<\/p>\n<ul>\n<li>&#8216;Introduction&#8217;, pp ix-xviii<\/li>\n<li>Chapter 1, &#8216;Significance&#8217;, pp 1-27<\/li>\n<\/ul>\n<ul>\n<li><a href=\"http:\/\/www.xs4all.nl\/~rekveld\/tech\/Edgerton_ShockOfTheOld.pdf\">Edgerton_ShockOfTheOld.pdf<\/a><\/li>\n<\/ul>\n<p>Peter Bentley, &#8216;Climbing Through Complexity Ceilings&#8217;,<br \/>\nfrom: Anthony Burke, Therese Tierney (ed.),<br \/>\n&#8216;Network Practices, New Strategies in Architecture and Design&#8217;,<br \/>\nPrinceton Architectural Press, New York, 2007.<\/p>\n<ul>\n<li><a href=\"http:\/\/www.xs4all.nl\/~rekveld\/tech\/Bentley_ClimbingThroughComplexityCeilings.pdf\">Bentley_ClimbingThroughComplexityCeilings.pdf<\/a><\/li>\n<\/ul>\n<p><strong>technology as the nature of man<\/strong><\/p>\n<p>Martin Heidegger, &#8216;The Question Concerning Technology&#8217;,<br \/>\nin: Martin Heidegger, &#8216;Basic Writings&#8217;\u00a0 ??? publicitatie ??\u00a0\u00a0\u00a0 pp 287-317<br \/>\n(originally &#8216;Die Frage der Technik&#8217;, in: Martin Heidegger, &#8216;Vortr\u00e4ge und Aufs\u00e4tze&#8217;, G\u00fcnther Neske Verlag, Pfullingen, 1954)<\/p>\n<ul>\n<li><a href=\"http:\/\/www.xs4all.nl\/~rekveld\/tech\/Heidegger_QuestionTechnology.pdf\">Heidegger_QuestionTechnology.pdf<\/a><\/li>\n<\/ul>\n<p>Andr\u00e9 Leroi-Gourhan, &#8216;Gesture and Speech&#8217;,<br \/>\ntrans. Anna Bostock Berger<br \/>\nMIT press, Boston, 1993.<br \/>\n(originally Andr\u00e9 Leroi-Gourhan, &#8216;Le Geste et la Parole&#8217;, Albin Michel, Paris, 1964)<\/p>\n<ul>\n<li>Chapter 8, &#8216;Gesture and Program&#8217;, pp. 237-256<\/li>\n<li>Chapter 9, &#8216;The Expanding Memory&#8217;, pp. 257-268<\/li>\n<\/ul>\n<ul>\n<li><a href=\"http:\/\/www.xs4all.nl\/~rekveld\/tech\/Leroi-Gourhan_GestureAndSpeech_ch8.pdf\">Leroi-Gourhan_GestureAndSpeech_ch8.pdf<\/a><\/li>\n<li><a href=\"http:\/\/www.xs4all.nl\/~rekveld\/tech\/Leroi-Gourhan_GestureAndSpeech_ch9.pdf\">Leroi-Gourhan_GestureAndSpeech_ch9.pdf<\/a><\/li>\n<\/ul>\n<p>Alberto Toscano, &#8216;Technical Culture and the limits of Interaction, A Note on Simondon&#8217;,<br \/>\nfrom: Joke Brouwer, Arjen Mulder (ed.), &#8216;Interact or Die&#8217;, V2_Publishing \/ Nai Publishers, Rotterdam, 2007, pp 198-205<\/p>\n<p>Gilbert Simondon, &#8216;On the Mode of Existence of Technical Objects&#8217;<br \/>\ntranslation by Ninian Mellamphy, University of Western Ontario, London (Ontario), 1980 (Unpublished)<br \/>\n(original &#8220;Du Mode d&#8217;Existence des Objets Techniques&#8217;, Aubier, Editions Montaigne, Paris, 1958)<\/p>\n<ul>\n<li>&#8216;Introduction&#8217;, pp 11-17<\/li>\n<li>Chapter 1, pp 18-43<\/li>\n<\/ul>\n<ul>\n<li><a href=\"http:\/\/www.xs4all.nl\/~rekveld\/tech\/Simondon_ModeOfExistence.pdf\">Simondon_ModeOfExistence.pdf<\/a><\/li>\n<\/ul>\n<p>Humberto Maturana, &#8216;Metadesign&#8217;,<br \/>\nfrom: Joke Brouwer, Carla Hoekendijk (ed), &#8216;Technomorphica&#8217;,<br \/>\nV2_publishing, Rotterdam, 1997, pp 171-203.<\/p>\n<ul>\n<li><a href=\"http:\/\/www.xs4all.nl\/~rekveld\/tech\/Maturana_MetaDesign.pdf\">Maturana_MetaDesign.pdf <\/a><\/li>\n<\/ul>\n<p><strong>films:<\/strong><\/p>\n<p>&#8216;The Betrayal by Technology: A Portrait of Jacques Ellul&#8217;<br \/>\ndocumentary by Jan van Boeckel\/ReRun Produkties, 1992.<br \/>\nonline at <a target=\"_blank\" href=\"http:\/\/www.archive.org\/details\/TheBetrayalByTechnologyAPortraitOfJacquesEllul1992\">www.archive.org<\/a><\/p>\n<p>&#8216;Das Netz&#8217; (&#8216;The Net&#8217;), film by Lutz Dammbeck, 2003.<br \/>\nfilm <a target=\"_blank\" href=\"http:\/\/www.t-h-e-n-e-t.com\/\">website<\/a><\/p>\n<p>&#8216;Technocalyps&#8217;, film by Frank Theys, 2006.<br \/>\nfilm <a target=\"_blank\" href=\"http:\/\/www.technocalyps.com\/\">website<\/a><\/p>\n","protected":false},"excerpt":{"rendered":"<p>(course for ArtScience, 2009\/10) In daily life, if people demonstrate a general opinion about technology, it tends to be either very negative or very positive. Technology can be for example mentioned as something that is in opposition to human nature, as something that distorts, is unhealthy and which can be profoundly alienating. On the other &hellip; <a href=\"https:\/\/www.joostrekveld.net\/?page_id=975\" class=\"more-link\">Continue reading <span class=\"screen-reader-text\">Writings about Technology<\/span> <span class=\"meta-nav\">&rarr;<\/span><\/a><\/p>\n","protected":false},"author":1,"featured_media":0,"parent":105,"menu_order":84,"comment_status":"closed","ping_status":"closed","template":"","meta":{"footnotes":""},"class_list":["post-975","page","type-page","status-publish","hentry"],"_links":{"self":[{"href":"https:\/\/www.joostrekveld.net\/index.php?rest_route=\/wp\/v2\/pages\/975","targetHints":{"allow":["GET"]}}],"collection":[{"href":"https:\/\/www.joostrekveld.net\/index.php?rest_route=\/wp\/v2\/pages"}],"about":[{"href":"https:\/\/www.joostrekveld.net\/index.php?rest_route=\/wp\/v2\/types\/page"}],"author":[{"embeddable":true,"href":"https:\/\/www.joostrekveld.net\/index.php?rest_route=\/wp\/v2\/users\/1"}],"replies":[{"embeddable":true,"href":"https:\/\/www.joostrekveld.net\/index.php?rest_route=%2Fwp%2Fv2%2Fcomments&post=975"}],"version-history":[{"count":0,"href":"https:\/\/www.joostrekveld.net\/index.php?rest_route=\/wp\/v2\/pages\/975\/revisions"}],"up":[{"embeddable":true,"href":"https:\/\/www.joostrekveld.net\/index.php?rest_route=\/wp\/v2\/pages\/105"}],"wp:attachment":[{"href":"https:\/\/www.joostrekveld.net\/index.php?rest_route=%2Fwp%2Fv2%2Fmedia&parent=975"}],"curies":[{"name":"wp","href":"https:\/\/api.w.org\/{rel}","templated":true}]}}